{"id":35,"date":"2011-11-19T05:02:27","date_gmt":"2011-11-19T05:02:27","guid":{"rendered":"http:\/\/oa-ottawa.ca\/loutaouais\/?page_id=35"},"modified":"2020-04-14T00:11:13","modified_gmt":"2020-04-14T00:11:13","slug":"le-programme-oa","status":"publish","type":"page","link":"https:\/\/oa-ottawa.ca\/loutaouais\/le-programme-oa\/","title":{"rendered":"Le programme OA"},"content":{"rendered":"<p style=\"text-align: center;\"><span style=\"font-size: medium; color: #333399;\"><strong><em><span style=\"color: #333399;\"><span style=\"color: #ff0000;\">LE PROGRAMME<\/span><br \/>\n<\/span><\/em><\/strong><\/span><\/p>\n<p><span style=\"font-size: medium;\">Chez les OUTREMANGEURS ANONYMES, nous avons trouv\u00e9 une association qui nous aide \u00e0 nous sortir de notre maladie, la compulsion alimentaire. Pendant des ann\u00e9es, nous avons eu honte de ne jamais pouvoir d\u00e9cider ni de notre poids ni de notre fa\u00e7on de manger. Mais nous avons d\u00e9sormais une solution. C&rsquo;est une m\u00e9thode simple constitu\u00e9e de douze \u00e9tapes. En suivant ces \u00e9tapes, des milliers d&rsquo;Outremangeurs compulsifs ont arr\u00eat\u00e9 d&rsquo;outremanger compulsivement. Chez les OA, nous n&rsquo;avons ni r\u00e9gimes, ni programmes d&rsquo;exercices, ni pes\u00e9es, ni pilules miraculeuses. Non, mais ce que nous offrons est beaucoup mieux : dans nos groupes, le miracle s&rsquo;op\u00e8re gr\u00e2ce au partage et \u00e0 l&rsquo;amour. Nous sommes doublement li\u00e9s les uns aux autres : nous avons d&rsquo;abord en commun notre maladie, la compulsion alimentaire, et, ensuite, la solution que chacun de nous trouve en vivant conform\u00e9ment aux Douze \u00c9tapes. Comme ces \u00e9tapes sont au coeur de notre m\u00e9thode, nous aimerions vous les pr\u00e9senter et ainsi voir avec vous comment nous les appliquons et comment elles nous aident \u00e0 sortir de la compulsion alimentaire. Nous souhaitons ainsi r\u00e9conforter ceux qui souffrent encore de ce mal terrible. Si vous croyez \u00eatre un Outremangeur compulsif ou une Outremangeuse compulsive, donnez-vous une chance de vous en sortir en pratiquant la m\u00e9thode OA. Gr\u00e2ce au mode de vie reposant sur nos Douze \u00c9tapes et sur nos Douze Traditions, nous connaissons aujourd&rsquo;hui un bien-\u00eatre physique, \u00e9motif et spirituel que nous n&rsquo;h\u00e9sitons pas \u00e0 qualifier de prodigieux. Ce qui a march\u00e9 pour nous marchera pour vous! <\/span><\/p>\n<div style=\"text-align: center;\"><span style=\"font-size: medium;\"><span style=\"font-size: medium;\"><strong><em><span style=\"color: #ff0000;\">Les 12 \u00e9tapes<\/span><br \/>\n<\/em><\/strong><\/span><\/span><\/div>\n<div><\/div>\n<div><span style=\"font-size: medium;\"><span style=\"font-size: medium;\"><br \/>\nVoici les 12 \u00e9tapes que nous avons suivies et qui sont sugg\u00e9r\u00e9es comme programme de r\u00e9tablissement :<\/span><\/span><\/p>\n<div><\/div>\n<div><span style=\"font-size: medium;\"><span style=\"font-size: medium;\">1. Nous avons admis que nous \u00e9tions impuissants devant la nourriture, que nous avions perdu la ma\u00eetrise de notre vie. <\/span><\/span><\/div>\n<div><span style=\"font-size: medium;\"><span style=\"font-size: medium;\">2. Nous en sommes venus \u00e0 croire qu\u2019une Puissance sup\u00e9rieure \u00e0 nous-m\u00eames pouvait nous rendre la raison. <\/span><\/span><\/div>\n<div><span style=\"font-size: medium;\"><span style=\"font-size: medium;\">3. Nous avons d\u00e9cid\u00e9 de confier notre volont\u00e9 et notre vie aux soins de Dieu tel que nous Le concevions. <\/span><\/span><\/div>\n<div><span style=\"font-size: medium;\"><span style=\"font-size: medium;\">4. Nous avons proc\u00e9d\u00e9 sans crainte \u00e0 un inventaire moral, approfondi de nous-m\u00eames. <\/span><\/span><\/div>\n<div><span style=\"font-size: medium;\"><span style=\"font-size: medium;\">5. Nous avons avou\u00e9 \u00e0 Dieu, \u00e0 nous-m\u00eames et \u00e0 un autre \u00eatre humain la nature exacte de nos torts. <\/span><\/span><\/div>\n<div><span style=\"font-size: medium;\"><span style=\"font-size: medium;\">6. Nous \u00e9tions tout \u00e0 fait pr\u00eat \u00e0 ce que Dieu \u00e9limine tous ces d\u00e9fauts. <\/span><\/span><\/div>\n<div><span style=\"font-size: medium;\"><span style=\"font-size: medium;\">7. Nous Lui avons humblement demand\u00e9 de faire dispara\u00eetre nos d\u00e9fauts. <\/span><\/span><\/div>\n<div><span style=\"font-size: medium;\"><span style=\"font-size: medium;\">8. Nous avons dress\u00e9 une liste de toutes les personnes que nous avons l\u00e9s\u00e9es et nous avons consenti \u00e0 r\u00e9parer nos torts envers chacune d\u2019elles. <\/span><\/span><\/div>\n<div><span style=\"font-size: medium;\"><span style=\"font-size: medium;\">9. Nous avons r\u00e9par\u00e9 nos torts directement envers ces personnes dans la mesure du possible, sauf lorsqu\u2019en ce faisant, nous risquions de leur nuire ou de nuire \u00e0 d&rsquo;autres. <\/span><\/span><\/div>\n<div><span style=\"font-size: medium;\"><span style=\"font-size: medium;\">10. Nous avons poursuivi notre inventaire personnel et promptement admis nos torts d\u00e8s que nous nous en sommes aper\u00e7us. <\/span><\/span><\/div>\n<div><span style=\"font-size: medium;\"><span style=\"font-size: medium;\">11. Nous avons cherch\u00e9 par la pri\u00e8re et la m\u00e9ditation \u00e0 am\u00e9liorer notre contact conscient avec Dieu tel que nous Le concevions, Lui demandant seulement de conna\u00eetre Sa volont\u00e9 \u00e0 notre \u00e9gard et de nous donner la force de l&rsquo;ex\u00e9cuter. <\/span><\/span><\/div>\n<div><span style=\"font-size: medium;\"><span style=\"font-size: medium;\">12. Ayant connu un r\u00e9veil spirituel comme r\u00e9sultat de ces \u00c9tapes, nous avons alors essay\u00e9 de transmettre ce message \u00e0 d\u2019autres outremangeurs compulsifs et de mettre en pratique ces principes dans tous les domaines de notre vie.<\/span><\/span><\/div>\n<\/div>\n<h1><\/h1>\n<div>\n<div style=\"text-align: center;\"><span style=\"font-size: medium;\"><span style=\"font-size: medium;\"><strong><em><span style=\"color: #ff0000;\">Les 12 traditions<\/span><\/em><\/strong><\/span><\/span><\/div>\n<div><\/div>\n<div><span style=\"font-size: medium;\"><span style=\"font-size: medium;\"><strong><em><br \/>\n<\/em><\/strong>Nous pouvons compter sur les Douze Traditions qui ont \u00e9t\u00e9 con\u00e7ues pour garder dans le droit chemin \u00e0 la fois les groupes et les comit\u00e9s, tout en mettant l&rsquo;accent sur le r\u00e9tablissement de tous les outremangeurs qui cherchent de l&rsquo;aide dans notre fraternit\u00e9. Nous avons beaucoup de gratitude envers les Alcooliques Anonymes qui ont les premiers \u00e9tabli ces Traditions et nous ont permis de les adapter \u00e0 nos propres besoins. Les Douze Traditions sont le r\u00e9sultat d&rsquo;une longue et parfois p\u00e9nible exp\u00e9rience et reprennent les m\u00eames principes de vie que les Douze \u00c9tapes. Tous ceux qui s&rsquo;y sont arr\u00eat\u00e9s se sont rendu compte que ces Traditions peuvent \u00eatre appliqu\u00e9es dans leurs relations interpersonnelles dans OA et \u00e0 l&rsquo;ext\u00e9rieur. Voici maintenant les Traditions OA qui nous permettront de demeurer spirituellement en forme devant tous les d\u00e9fis.<\/span><\/span><\/div>\n<div><\/div>\n<div>\n<div><span style=\"font-size: medium;\"><span style=\"font-size: medium;\">1 &#8211; Notre bien-\u00eatre commun devrait venir en premier lieu; le rel\u00e8vement personnel d\u00e9pend de l&rsquo;unit\u00e9 des OA. <\/span><\/span><\/div>\n<div><span style=\"font-size: medium;\"><span style=\"font-size: medium;\">2 &#8211; Pour le b\u00e9n\u00e9fice de notre groupe, Il n&rsquo;existe qu&rsquo;une seule autorit\u00e9 ultime, un Dieu d&rsquo;amour comme Il peut se manifester dans la conscience de notre groupe. Nos chefs ne sont que de fid\u00e8les serviteurs; ils ne gouvernent pas. <\/span><\/span><\/div>\n<div><span style=\"font-size: medium;\"><span style=\"font-size: medium;\">3 &#8211; La seule condition requise pour devenir membre des OA est le d\u00e9sir d&rsquo;arr\u00eater de manger compulsivement. <\/span><\/span><\/div>\n<div><span style=\"font-size: medium;\"><span style=\"font-size: medium;\">4 &#8211; Chaque groupe devrait \u00eatre autonome, sauf lorsque son action touche d&rsquo;autres groupes ou OA dans son ensemble. <\/span><\/span><\/div>\n<div><span style=\"font-size: medium;\"><span style=\"font-size: medium;\">5 &#8211; Chaque groupe n&rsquo;a qu&rsquo;un but primordial, transmettre son message aux outremangeurs compulsifs qui souffrent encore. <\/span><\/span><\/div>\n<div><span style=\"font-size: medium;\"><span style=\"font-size: medium;\">6 &#8211; Un groupe OA ne doit jamais endosser, financer des groupements connexes ou \u00e9trangers ni leur pr\u00eater le nom de OA, de peur que des soucis d&rsquo;argent, de propri\u00e9t\u00e9 et de prestige ne nous distraient de notre but premier. <\/span><\/span><\/div>\n<div><span style=\"font-size: medium;\"><span style=\"font-size: medium;\">7 &#8211; Chaque groupe OA doit subvenir enti\u00e8rement \u00e0 ses besoins, refusant les contributions de l&rsquo;ext\u00e9rieur. <\/span><\/span><\/div>\n<div><span style=\"font-size: medium;\"><span style=\"font-size: medium;\">8 &#8211; OA devrait toujours demeurer non professionnel, mais nos centres de services peuvent engager des employ\u00e9s sp\u00e9cialis\u00e9s. <\/span><\/span><\/div>\n<div><span style=\"font-size: medium;\"><span style=\"font-size: medium;\">9 &#8211; OA comme tel, ne devrait jamais \u00eatre organis\u00e9, cependant nous pouvons constituer des conseils de service ou des comit\u00e9s directement responsables envers ceux qu&rsquo;ils servent. <\/span><\/span><\/div>\n<div><span style=\"font-size: medium;\"><span style=\"font-size: medium;\">10 &#8211; OA n&rsquo;exprime jamais d&rsquo;opinion sur des sujets \u00e9trangers; le nom de OA ne doit jamais \u00eatre m\u00eal\u00e9 \u00e0 des controverses publiques. <\/span><\/span><\/div>\n<div><span style=\"font-size: medium;\"><span style=\"font-size: medium;\">11 &#8211; La politique de nos relatons publiques est fond\u00e9e sur l&rsquo;attrait plut\u00f4t que sur la r\u00e9clame; nous devons toujours garder l&rsquo;anonymat dans nos rapports avec la presse, la radio, la t\u00e9l\u00e9vision et le cin\u00e9ma et autres m\u00e9dias de communication. <\/span><\/span><\/div>\n<div><span style=\"font-size: medium;\"><span style=\"font-size: medium;\">12 &#8211; L&rsquo;anonymat est la base spirituelle de nos Traditions et nous rappelle toujours de placer les principes au-dessus des personnalit\u00e9s.<\/span><\/span><\/div>\n<\/div>\n<\/div>\n","protected":false},"excerpt":{"rendered":"<p>LE PROGRAMME Chez les OUTREMANGEURS ANONYMES, nous avons trouv\u00e9 une association qui nous aide \u00e0 nous sortir de notre maladie, la compulsion alimentaire. Pendant des ann\u00e9es, nous avons eu honte de ne jamais pouvoir d\u00e9cider ni de notre poids ni &hellip; <a href=\"https:\/\/oa-ottawa.ca\/loutaouais\/le-programme-oa\/\">Continuer la lecture <span class=\"meta-nav\">\u00bb<\/span><\/a><\/p>\n","protected":false},"author":1,"featured_media":0,"parent":0,"menu_order":0,"comment_status":"closed","ping_status":"closed","template":"","meta":{"_exactmetrics_skip_tracking":false,"_exactmetrics_sitenote_active":false,"_exactmetrics_sitenote_note":"","_exactmetrics_sitenote_category":0,"footnotes":"","_links_to":"","_links_to_target":""},"class_list":["post-35","page","type-page","status-publish","hentry"],"aioseo_notices":[],"_links":{"self":[{"href":"https:\/\/oa-ottawa.ca\/loutaouais\/wp-json\/wp\/v2\/pages\/35","targetHints":{"allow":["GET"]}}],"collection":[{"href":"https:\/\/oa-ottawa.ca\/loutaouais\/wp-json\/wp\/v2\/pages"}],"about":[{"href":"https:\/\/oa-ottawa.ca\/loutaouais\/wp-json\/wp\/v2\/types\/page"}],"author":[{"embeddable":true,"href":"https:\/\/oa-ottawa.ca\/loutaouais\/wp-json\/wp\/v2\/users\/1"}],"replies":[{"embeddable":true,"href":"https:\/\/oa-ottawa.ca\/loutaouais\/wp-json\/wp\/v2\/comments?post=35"}],"version-history":[{"count":7,"href":"https:\/\/oa-ottawa.ca\/loutaouais\/wp-json\/wp\/v2\/pages\/35\/revisions"}],"predecessor-version":[{"id":325,"href":"https:\/\/oa-ottawa.ca\/loutaouais\/wp-json\/wp\/v2\/pages\/35\/revisions\/325"}],"wp:attachment":[{"href":"https:\/\/oa-ottawa.ca\/loutaouais\/wp-json\/wp\/v2\/media?parent=35"}],"curies":[{"name":"wp","href":"https:\/\/api.w.org\/{rel}","templated":true}]}}