{"id":10,"date":"2011-11-19T04:15:04","date_gmt":"2011-11-19T04:15:04","guid":{"rendered":"http:\/\/oa-ottawa.ca\/loutaouais\/?page_id=10"},"modified":"2020-04-13T23:36:07","modified_gmt":"2020-04-13T23:36:07","slug":"les-outils","status":"publish","type":"page","link":"https:\/\/oa-ottawa.ca\/loutaouais\/les-outils\/","title":{"rendered":"Les outils"},"content":{"rendered":"<div style=\"text-align: center;\"><span style=\"font-size: medium; color: #ff0000;\"><span style=\"font-size: medium;\"><strong><em><span style=\"color: #ff0000;\">LES OUTILS DE R\u00c9TABLISSEMENT<\/span><\/em><\/strong><\/span><\/span><\/div>\n<div><span style=\"font-size: medium;\"><span style=\"font-size: medium;\"><strong><em><br \/>\n<\/em><\/strong>Chez OUTREMANGEURS ANONYMES, l&rsquo;abstinence est l&rsquo;action de s&rsquo;abstenir de manger compulsivement. Nombreux d&rsquo;entre nous ont constat\u00e9 qu&rsquo;ils ne pouvaient s&rsquo;abstenir de manger compulsivement sans l&rsquo;utilisation des (8) outils de r\u00e9tablissement propos\u00e9s par notre mode de vie.<\/span><\/span><\/div>\n<h1><\/h1>\n<h1><span style=\"font-size: medium;\"><span style=\"font-size: medium;\"><strong>Ces huit outils sont<\/strong> :<\/span><\/span><\/h1>\n<div>\n<ul>&#8211; le plan alimentaire,<\/ul>\n<ul>&#8211;\u00a0le parrainage et le marrainage,<\/ul>\n<ul>&#8211; les r\u00e9unions,<\/ul>\n<ul>&#8211; les appels t\u00e9l\u00e9phoniques,<\/ul>\n<ul>&#8211; l&rsquo;\u00e9criture,<\/ul>\n<ul>&#8211; les publications OA et AA,<\/ul>\n<ul>&#8211; le plan d&rsquo;action,<\/ul>\n<ul>&#8211;\u00a0l&rsquo;anonymat et<\/ul>\n<ul>&#8211; les services.<\/ul>\n<\/div>\n<div><span style=\"font-size: medium;\">Pour plus d&rsquo;informations sur cet aspect de notre mode de vie, nous vous invitons \u00e0 lire le d\u00e9pliant \u00ab Outils de r\u00e9tablissement \u00bb qui est disponible dans les r\u00e9unions OA. <\/span><\/div>\n<h1><\/h1>\n<h1 style=\"text-align: center;\"><span style=\"font-size: medium;\"><span style=\"font-size: medium;\"><span style=\"color: #333399;\"><strong><em><span style=\"color: #333399;\">Le principe de l&rsquo;anonymat<\/span><\/em><\/strong><\/span><\/span><\/span><\/h1>\n<div style=\"text-align: left;\"><span style=\"font-size: medium;\"><span style=\"font-size: medium;\"><br \/>\nPour les OA, l\u2019anonymat est une fa\u00e7on de placer les principes au-dessus des personnalit\u00e9s. L\u2019association s\u2019attend \u00e0 ce que ses membres conservent l\u2019anonymat dans leurs rapports avec la presse, la radio, la t\u00e9l\u00e9vision, le cin\u00e9ma ou tout autre m\u00e9dia. Notre programme d\u2019information publique ne vise pas \u00e0 faire conna\u00eetre certains membres, mais \u00e0 atteindre d\u2019autres personnes qui souffrent de compulsion alimentaire. Aux r\u00e9unions, nous n\u2019utilisons que nos pr\u00e9noms. Les barri\u00e8res socio-\u00e9conomiques qui s\u00e9parent les gens dans la soci\u00e9t\u00e9 disparaissent chez les OA o\u00f9 nous sommes toutes des personnes qui se suralimentent compulsivement. Gr\u00e2ce au principe de l\u2019anonymat, chaque personne est assur\u00e9e que son adh\u00e9sion aux OA ne sera pas r\u00e9v\u00e9l\u00e9e. L&rsquo;anonymat remplit deux fonctions diff\u00e9rentes mais tout aussi vitales l&rsquo;une qui l&rsquo;autre : 1- Sur le plan personnel, l&rsquo;anonymat permet aux membres de ne pas \u00eatre reconnus comme outremangeurs, ce qui constitue souvent une garantie particuli\u00e8rement importante pour les nouveaux. 2- Au niveau des m\u00e9dias, l&rsquo;anonymat fait ressortir l&rsquo;\u00e9galit\u00e9 de tous les membres dans le Mouvement en mettant un frein aux ambitions de ceux qui pourraient autrement chercher \u00e0 se servir de leur appartenance aux OA pour se faire reconna\u00eetre, ou pour obtenir du pouvoir ou des avantages personnels. En mettant l&rsquo;accent sur l&rsquo;\u00e9galit\u00e9 de tous les membres des OA et sur leur unit\u00e9 dans le but commun de leur r\u00e9tablissement de la compulsion alimentaire, l&rsquo;anonymat devient la base spirituelle du Mouvement.<\/span><\/span><\/div>\n","protected":false},"excerpt":{"rendered":"<p>LES OUTILS DE R\u00c9TABLISSEMENT Chez OUTREMANGEURS ANONYMES, l&rsquo;abstinence est l&rsquo;action de s&rsquo;abstenir de manger compulsivement. Nombreux d&rsquo;entre nous ont constat\u00e9 qu&rsquo;ils ne pouvaient s&rsquo;abstenir de manger compulsivement sans l&rsquo;utilisation des (8) outils de r\u00e9tablissement propos\u00e9s par notre mode de vie. &hellip; <a href=\"https:\/\/oa-ottawa.ca\/loutaouais\/les-outils\/\">Continuer la lecture <span class=\"meta-nav\">\u00bb<\/span><\/a><\/p>\n","protected":false},"author":1,"featured_media":0,"parent":0,"menu_order":0,"comment_status":"closed","ping_status":"closed","template":"","meta":{"_exactmetrics_skip_tracking":false,"_exactmetrics_sitenote_active":false,"_exactmetrics_sitenote_note":"","_exactmetrics_sitenote_category":0,"footnotes":"","_links_to":"","_links_to_target":""},"class_list":["post-10","page","type-page","status-publish","hentry"],"aioseo_notices":[],"_links":{"self":[{"href":"https:\/\/oa-ottawa.ca\/loutaouais\/wp-json\/wp\/v2\/pages\/10","targetHints":{"allow":["GET"]}}],"collection":[{"href":"https:\/\/oa-ottawa.ca\/loutaouais\/wp-json\/wp\/v2\/pages"}],"about":[{"href":"https:\/\/oa-ottawa.ca\/loutaouais\/wp-json\/wp\/v2\/types\/page"}],"author":[{"embeddable":true,"href":"https:\/\/oa-ottawa.ca\/loutaouais\/wp-json\/wp\/v2\/users\/1"}],"replies":[{"embeddable":true,"href":"https:\/\/oa-ottawa.ca\/loutaouais\/wp-json\/wp\/v2\/comments?post=10"}],"version-history":[{"count":11,"href":"https:\/\/oa-ottawa.ca\/loutaouais\/wp-json\/wp\/v2\/pages\/10\/revisions"}],"predecessor-version":[{"id":316,"href":"https:\/\/oa-ottawa.ca\/loutaouais\/wp-json\/wp\/v2\/pages\/10\/revisions\/316"}],"wp:attachment":[{"href":"https:\/\/oa-ottawa.ca\/loutaouais\/wp-json\/wp\/v2\/media?parent=10"}],"curies":[{"name":"wp","href":"https:\/\/api.w.org\/{rel}","templated":true}]}}